ded by 8.
5
Suppose -2*c - 9 + 3 = 0, 69 = 3*w - 2*c. Suppose h + 2*h - 7 = -k, w = k - 4*h. Let d = k - 8. Calculate the remainder when 19 is divided by d.
4
Let t(z) = 2*z**2 + 4*z + 4. Let c(j) = -j**3 - 6*j**2 - 2*j - 1. Calculate the remainder when c(-6) is divided by t(-2).
3
Suppose 29 = n - 2*h, 2*n = 6*n - 3*h - 116. Suppose -2*l + 2 = -2. Suppose l*o - 3 = 17. Calculate the remainder when n is divided by o.
9
Suppose -v = 2*v - 18. Calculate the remainder when (8 - v)*(-18)/(-4) is divided by 3.
0
Let r(y) = 3*y**2 + 13*y + 44. What is the remainder when r(-9) is divided by 9?
8
Calculate the remainder when 19 is divided by 60/10*(-10)/(-12).
4
Suppose 5*c - 54 - 3 = -2*w, -72 = -4*w + 4*c. Calculate the remainder when 33 is divided by w.
12
Suppose -4*n = -8*n + 5*d + 279, 86 = n + 2*d. Calculate the remainder when n is divided by 8.
4
Let v be (2 + -3 - 2) + 2. Let l(n) = -19*n - 1. Calculate the remainder when 35 is divided by l(v).
17
Suppose -5*z + 28 = 2*z. What is the remainder when 15 is divided by z?
3
Let c(a) = -a**3 + 10*a**2 + 7. Let q be c(10). Suppose q*z - 3*z - 20 = 0. Calculate the remainder when 14 is divided by z.
4
Suppose -k - 3*k + 8 = 0. Let p = 30 + k. Suppose -2*y + 30 = -2*s, -5*y + 81 = -3*s + s. What is the remainder when p is divided by y?
15
Let w(p) = p + 3. Let h be w(0). Suppose h*g = -18 + 54. Calculate the remainder when 32 is divided by g.
8
Suppose 0 = w - 6 + 2. Calculate the remainder when 14 is divided by w.
2
Suppose -3*c + 53 = 11. What is the remainder when 27 is divided by c?
13
Let w(v) = 18*v - 20. What is the remainder when w(2) is divided by 9?
7
Suppose -10 = -2*p + 3*t, -4*p - 4*t - 4 = -2*p. Suppose -12 = -4*w, w + 27 = -0*i + p*i. What is the remainder when 29 is divided by i?
14
Suppose 2 = -2*k - 4*l - 2, -4*l - 12 = 4*k. Let q = -1 - k. Suppose 0 = 5*a + q*z - 16, 3*z = 3*a - 6*a + 6. What is the remainder when 9 is divided by a?
4
Suppose 13 + 15 = o. Suppose 2*s + o = 3*y + 6*s, -y - s + 8 = 0. Suppose y*c = -2 + 18. What is the remainder when 10 is divided by c?
2
Let c be (1/(-2))/(5/740). Calculate the remainder when c/(-3)*9/6 is divided by 10.
7
Suppose -9 = w - 5*v, 0 = 4*w - 0*v + 4*v - 84. Suppose -3*l = 2*l - 5*c - 55, -2*l + 10 = c. Let q = l + w. Calculate the remainder when q is divided by 8.
7
Suppose 0 = -0*l + 3*l, 0 = y + 2*l + 3. Let f be (-9 - y)/(6/(-9)). Let i = f - 3. What is the remainder when 16 is divided by i?
4
Let n = -2 - -15. What is the remainder when n is divided by 7?
6
Suppose 3*k = 2*y + 46, 2*k - 8 = 2*y + 24. What is the remainder when k is divided by (-304)/(-64) + (-1)/(-4)?
4
Let g(n) = n**3 - 23*n**2 + 24*n - 44. Let l be g(22). Let f(s) = 3*s + 4 + s - 5*s. What is the remainder when 14 is divided by f(l)?
2
Suppose -3*d - 11 + 36 = 4*a, 5*a = -3*d + 29. Suppose -4*y = -21 - d. Calculate the remainder when 23 is divided by y.
5
Suppose 3*r + 3*i + i - 91 = 0, 2*i = -3*r + 83. Calculate the remainder when r is divided by 14.
11
Let o = -21 + 12. Calculate the remainder when ((-3)/o)/((-2)/(-276)) is divided by 16.
14
Let y(c) = c**3 - 3*c**2 - 6*c - 5. Suppose 2*h + 4*h = 24. What is the remainder when y(5) is divided by h?
3
Suppose h - 6 = -5*i, 0 = -5*i + 4*h + 13 + 13. Suppose -2*y + 180 = i*y. Let v = y + -20. What is the remainder when v is divided by 7?
4
Suppose -5*h - 33 = 3*c, -4*h - 19 = c - 1. Let k = c + 43. Calculate the remainder when k is divided by 10.
7
What is the remainder when 46 is divided by ((-144)/(-42))/(1/7)?
22
Suppose 0*t - 2*t = -4. Suppose 0*h = -t*h - 2*a + 26, -3*a - 15 = 0. What is the remainder when h is divided by ((-5)/2)/((-1)/2)?
3
Suppose -2*x - 4*t + 13 = 1, -2*x = 5*t - 11. Let n = 11 + x. Let f = 7 + 0. Calculate the remainder when n is divided by f.
5
Suppose -2*d + 249 = d. What is the remainder when d is divided by 21?
20
Suppose -g - g = 0. Let j(v) = -v**3 + v + 36. Let i(x) = 5*x - 1. What is the remainder when j(g) is divided by i(4)?
17
Let r(o) = o + 2. Let a be r(0). Let l(g) = g**2 - 6*g - 1. Let x be l(6). Let k = a + x. What is the remainder when 1 is divided by k?
0
Let t(y) = y - 1. Let q be t(0). Let m = q - -2. Let w = m - -4. Calculate the remainder when 14 is divided by w.
4
Let g(x) = 30*x + 7. Calculate the remainder when g(3) is divided by 28.
13
Let c be 3/(4/((-896)/(-6))). Let v = c - 63. What is the remainder when v is divided by 17?
15
Let u(m) = -m**2 + 5*m - 2. What is the remainder when 7 is divided by u(3)?
3
Let w(n) = -6*n**3 + 36*n**2 + 41*n - 11. Let o(x) = -x**3 + 7*x**2 + 8*x - 2. Let r(v) = -11*o(v) + 2*w(v). What is the remainder when r(-5) is divided by 11?
8
Suppose 6*z - 18 = -6. Suppose -3*u = -z*u - n - 9, -4*u + 37 = -5*n. Suppose 68 - 2 = 3*x. Calculate the remainder when x is divided by u.
6
Let j(f) be the first derivative of 26*f**3/3 - f**2 + f - 1. Calculate the remainder when j(1) is divided by 13.
12
Suppose -3*h + 2*d + 33 = -0*h, 0 = 5*h - d - 55. Suppose -4*z = 2*u - 136, 3*z - 4*z - 2*u + 40 = 0. What is the remainder when z is divided by h?
10
Suppose -3*g + 2 = 4*u, -u - 2*g = 3 - 1. Suppose u*z + 3*y = 6*y + 7, -9 = -z - 4*y. What is the remainder when z is divided by 3?
2
Suppose -2*j - 1 = 4*m - 9, 20 = 5*j + m. What is the remainder when 9 is divided by j?
1
Suppose 2 + 26 = p. What is the remainder when 82 is divided by p?
26
Suppose -b + q + 82 = -3, q - 75 = -b. Calculate the remainder when b is divided by 21.
17
Let o(j) = j**2 - 10*j - 1. Let a be o(9). Let x be (7 - 5)/(4/a). Let v(m) = -2*m - 5. Calculate the remainder when 17 is divided by v(x).
2
Suppose 4*w = -0*w + 32. Suppose -3*d = a - 46, 6*d + 4*a - 49 = 3*d. Let j = d - w. Calculate the remainder when j is divided by 4.
3
Suppose -34 = -9*i + 47. Calculate the remainder when 16 is divided by i.
7
Suppose -6*u + 15 + 45 = 0. What is the remainder when 38 is divided by u?
8
Suppose 0*j + 3*j = 60. Let m = -34 - -77. Suppose -5*x - m = -g, 2*x + 2*x - 302 = -5*g. What is the remainder when g is divided by j?
18
Suppose -9*q + 516 = -321. Calculate the remainder when q is divided by 32.
29
Let w = 45 - 25. Calculate the remainder when w is divided by 12.
8
Suppose 0 = 3*u + 44 - 437. What is the remainder when u is divided by 35?
26
Suppose -3 = -3*v + 12. Calculate the remainder when 5 is divided by v.
0
Let o = -14 + 26. What is the remainder when o is divided by 7?
5
Suppose -3*d = 3*d - 348. What is the remainder when d is divided by 31?
27
Let p(r) = r - 9. Let t be p(0). Let k = t + 1. Let w = 0 - k. What is the remainder when 22 is divided by w?
6
Suppose g = d + 2, -5*d = g + 3*g - 53. Suppose 0 = w - g + 4. Suppose -2*p - 7 = -l + 6, 0 = 5*l - 2*p - 33. Calculate the remainder when l is divided by w.
2
Suppose 812 = 5*u - 3*m, -3*m + 122 - 771 = -4*u. What is the remainder when u is divided by 41?
40
Suppose 2*n - 150 - 196 = 0. Suppose -6*y - 65 = -n. What is the remainder when 87 is divided by y?
15
Let a = -1 - -2. Suppose -4 = -5*t - f - 1, -2*t - 2*f = 2. Calculate the remainder when a is divided by t.
0
Let g(h) = h**3 + 6*h**2 - 7*h + 6. Let a be 1*4/((-12)/21). Calculate the remainder when 17 is divided by g(a).
5
Let m = 126 + -71. Let o = -36 + m. Calculate the remainder when 55 is divided by o.
17
Let q be (-1 + 1 + -2)*-2. Let b(w) = w**3 + w**2 - 2. Let p be b(q). Suppose 28 = -5*l + p. Calculate the remainder when 29 is divided by l.
9
Suppose -4*l - 2*i = -48, -l - 3*i = -2*i - 14. What is the remainder when l is divided by 6?
4
Let b(f) = -f**3 - 3*f**2 + 2*f + 1. Suppose 7*a - 3*a - 66 = 2*x, 3*a - 4*x - 62 = 0. Calculate the remainder when b(-5) is divided by a.
13
Suppose 4*t - 3*o - 23 - 52 = 0, -4*o = -12. Calculate the remainder when 78 is divided by t.
15
Suppose h = -4*f + 44, -2*f + f + 3*h + 11 = 0. Calculate the remainder when 19 is divided by f.
8
Suppose b + 4*j = 21, -b - j - 15 = -6*j. Suppose 8*u = 3*u - 80. Calculate the remainder when b is divided by (u/(-56))/((-2)/(-14)).
1
Suppose 2*r + 33 = 163. What is the remainder when r is divided by 18?
11
Let s be 15/5 - (-2 + -3). Let v = s + -3. Suppose 0 = -l + v*l - 36. Calculate the remainder when l is divided by 4.
1
Suppose p - 32 = -2*l, 2*l = p - 16 + 40. Suppose u = 3*u -